 common factor of k and 427?
61
Suppose 15*v + 1820 = -20*v. Let w = v + 70. What is the greatest common factor of 60 and w?
6
Let p be (-64)/(-10)*63640/592. What is the greatest common divisor of p and 32?
16
Let o = 117 - -88. Suppose -4*g + 320 = g - 4*y, 3*g - 5*y = o. Suppose -2*q + 83 = 5*v, 4*v + 5*q = 6*q + 56. Calculate the greatest common divisor of v and g.
15
Let z be 15*56 + 9/(18/10). What is the greatest common divisor of 117 and z?
13
Let j(q) = 5*q + 60. Let y be j(-21). Let p = 79 + y. Calculate the highest common factor of 170 and p.
34
Let g(q) = -368*q**3 - q**2 - 11*q - 4. Let j be g(-1). What is the highest common factor of j and 493?
17
Let w be (-8)/2 + 1 + 5. Suppose 3*h + 193 = 6*z - 2*z, -243 = -5*z + w*h. Suppose z*u + 8 = 50*u. What is the highest common divisor of 56 and u?
8
Let t(k) = 5*k**2 + 3*k + 21. Let m be t(-3). Suppose 5*a - m = 33. What is the greatest common factor of a and 360?
18
Let x(p) = -p**3 + 10*p**2 - 4*p + 4. Let l be x(4). Let f(j) = -1159*j - 109832. Let v be f(-95). Calculate the highest common factor of v and l.
21
Suppose 0 = 4*j - j - 6. Suppose 0 = 4*w + 2*r - 130 + 10, j*w + 2*r = 64. What is the highest common divisor of w and 8?
4
Suppose 3*p - 2*z = 468, -2*p + 3*z = -284 - 28. What is the greatest common divisor of p and 282?
6
Let p = -8703 + 14367. What is the highest common factor of 1062 and p?
354
Let r(q) = -180*q - 2157. Let w be r(-12). Suppose -2 = -2*j + 6, a - 4*j - 8 = 0. Suppose 0*h + 2*h - a = 0. Calculate the greatest common factor of w and h.
3
Let v(f) = 79*f - 376. Let s be v(6). Calculate the greatest common divisor of 448 and s.
14
Let z(c) = -1883*c**3 + 5*c**2 + 3*c - 2. Let r be z(-1). Calculate the highest common divisor of r and 7.
7
Let t be 720/150*(-8 - 132/(-9)). Let k = 22 + -6. What is the highest common divisor of t and k?
16
Let a = -3901 - -19427. What is the highest common factor of a and 28?
14
Let w be -26*(-101)/8 + 2331/1332. Calculate the highest common factor of 510 and w.
30
Suppose -2*q + 5*q = 234. Suppose -47*o + 4264 = 35*o. What is the greatest common divisor of q and o?
26
Suppose 2778*c - 2693*c - 75735 = 0. Calculate the greatest common factor of 55 and c.
11
Let m be ((-18)/(-12))/((104/(-48))/(-13)). What is the highest common factor of 654 and m?
3
Let y(t) = 2*t + 74. Let j be y(-15). What is the greatest common factor of 66 and j?
22
Let f = -3674 - -3814. What is the highest common divisor of f and 2716?
28
Let d = 9 + -3. Suppose 0 = -2*t + 4*n - d, -t + 5*t - n - 2 = 0. Let z = 3735 - 3734. What is the greatest common factor of z and t?
1
Let r be 59040/64 + 6/4. What is the greatest common factor of 98 and r?
14
Let g be (-4)/14 - 1350/(-70). Let p be g/2 - 102/68. What is the highest common divisor of p and 8?
8
Suppose -40 = -2*o + 2*k, o = -593*k + 596*k + 6. Calculate the greatest common factor of 1521 and o.
9
Suppose 2736 = 793*c - 775*c. What is the highest common divisor of c and 272?
8
Suppose 0 = 31*g - 682 - 517 - 10. Let y(o) = 31*o - 2. Let z be y(3). Calculate the highest common divisor of g and z.
13
Let l = -5140 - -5195. Suppose 0 = -5*k - w + 217, -3*k + 174 = -5*w + 27. Calculate the highest common divisor of l and k.
11
Suppose -5 = -3*d + 2*m, -2*d + 4*m + 6 = -0*d. Suppose 17*a - 114 = 39. Calculate the greatest common divisor of a and d.
1
Suppose -262 - 66 = -4*j. Suppose 5*u + 5*a = 35, -116*a + 117*a + 17 = 5*u. What is the highest common divisor of j and u?
2
Suppose 88*q - 147 = 87*q. Let w be (q/9)/((-7)/(-3) - 2). What is the greatest common factor of w and 7?
7
Suppose a + 2*d = -2*a + 7, -17 = -5*a + 2*d. Let c be 378/18*3/(a - 0). Calculate the greatest common divisor of c and 7.
7
Suppose 0 = 7*a - 206 - 46. Suppose -4*g + a = 4*m, 2*g = -5*m + 47 - 2. Calculate the greatest common divisor of 1 and m.
1
Let f = -687 - -689. Suppose f*l - p = 6*l - 311, -2*p - 392 = -5*l. Calculate the highest common divisor of l and 117.
39
Let z = 27 - 15. Let j be (-2)/3*(-9)/(3 + 0). Suppose -4*g + 4 = -j*a, -2*g = -g - 2*a + 2. Calculate the greatest common divisor of g and z.
2
Let k be -44*((-25)/(7 + -2) + 4). Suppose -47*o + 624 = -k*o. What is the greatest common factor of o and 48?
16
Let s = 26 - 28. Let o be (5/s*5)/(2/(-4)). Suppose -14*d = -7*d - 700. What is the greatest common divisor of o and d?
25
Suppose -8*r = -11*r + 4*u + 882, -u - 864 = -3*r. What is the highest common factor of 3796 and r?
26
Suppose -2*a = -4*d + 22, d = -0*d + 4*a + 2. Let r be d/(-39) - 368/(-26). What is the greatest common factor of 35 and r?
7
Let k(q) = -q**3 + 2*q**2 + 33*q + 6. Let h be k(-8). Let j = 415 - h. What is the greatest common divisor of 88 and j?
11
Let j be 1965/5 + -3 + -2. Let r = -387 + j. Let x(v) = v + 3. Let m be x(0). Calculate the highest common divisor of r and m.
1
Suppose 5*b - 13683 = 1114*c - 1118*c, -2*c = -11*b + 30189. What is the highest common factor of 117 and b?
13
Let r be -1*(3/1)/(-1). Let u(w) = -18*w - 457 + 451 - 15*w + 39*w + 17*w**2. Let j be u(r). Calculate the highest common divisor of j and 15.
15
Let f(a) = 1003*a - 2725. Let d be f(3). What is the highest common factor of d and 1775?
71
Suppose h - 9*z + 5*z - 34 = 0, 4*h - 46 = -2*z. Calculate the highest common divisor of 49 and h.
7
Suppose 0 = 5*l + n - 170, 44*l + 74 = 47*l - 5*n. What is the greatest common factor of 33 and l?
33
Suppose -114*h + 3370 = 862. What is the greatest common factor of h and 84?
2
Suppose 3*v = -r + 4, 3*r + v - 4*v = 12. Suppose -r*g - g = -1125. What is the highest common factor of g and 25?
25
Let g be 4/10 + 4960/100. Let j = g - -26. What is the greatest common factor of 247 and j?
19
Let z = 108 + -82. Let s be -50*84/(-10) - -9. Calculate the greatest common factor of z and s.
13
Let i(x) = 375*x - 150. Let o(v) = v - 3. Let n(l) = i(l) - 50*o(l). Let q be n(3). Calculate the greatest common divisor of 65 and q.
65
Suppose -9*a + 1019 = -1024. Suppose -333 = -10*n + a. What is the highest common factor of 140 and n?
28
Let s = -51 + 90. Let z = 266 - 185. Let j be z/(-21) + 4 + (-4366)/(-14). What is the greatest common divisor of j and s?
39
Let o be (-6)/27 - (-20)/90. Suppose o = -14*w + 793 - 121. Let h be (-114)/(-7) - 8/28. What is the highest common divisor of h and w?
16
Suppose -5*g = -y - 3*y - 16, g - 3*y = 1. Suppose 140 = -g*d - d. Let j = d - -34. Calculate the greatest common factor of 3 and j.
3
Suppose -32*i - 3*q = -31*i - 5862, 5*q = i - 5846. What is the greatest common factor of i and 96?
96
Suppose 20*v = 45*v - 20*v - 50. Calculate the highest common divisor of v and 2835.
5
Suppose -8 = -11*z + 3*z. Let k be 7 - 5 - (0 + 0). Suppose -9 = -k*w - 7. What is the highest common factor of z and w?
1
Suppose 2*i = -4*r + 6, 4*r - 2*i + 0 = -6. Suppose t = -4*o + 42, r*t + 147 = 4*t - 5*o. What is the greatest common divisor of t and 171?
19
Let m be (2 - -1) + 7/(-7). Suppose 0 = 4*d - 4*h + 2084, m*d - 1042 = 4*d - h. Let b be (-11)/(-2) - 5 - d/2. What is the greatest common divisor of b and 29?
29
Suppose o - 35 - 32 = 2*z, 2*o - 5*z - 130 = 0. Let n = o + -21. Calculate the greatest common factor of 90 and n.
18
Let h = 2434 - 2429. Calculate the highest common divisor of 570 and h.
5
Let n be ((-31)/62)/(3/(-1494)). Suppose 246*z - n*z + 162 = 0. What is the greatest common divisor of 756 and z?
54
Let w(s) = 338*s**2 - 33*s + 69. Let k be w(3). What is the highest common factor of 84 and k?
12
Let i = 2849 - 2659. What is the highest common divisor of 456 and i?
38
Suppose 3*j + 5*v = 942, 2*v = 998*j - 997*j - 336. What is the greatest common divisor of j and 52?
4
Suppose 49 = w + 33. Let o = 101 - 73. What is the greatest common divisor of o and w?
4
Let l = -136 + 244. Let i be (12/10)/(l/720). Calculate the greatest common divisor of 200 and i.
8
Let z = -278618 - -278940. Let y = 0 + 42. Calculate the greatest common divisor of z and y.
14
Let v(z) = -28*z + 10. Let g be v(-8). Let d = 3 - 0. Suppose 0 = d*j - 2*j - 26. What is the greatest common divisor of j and g?
26
Suppose 5*r + u + u - 11192 = 0, -11216 = -5*r + 4*u. What is the greatest common divisor of r and 5?
5
Suppose 0 = -3*u - 787 - 257. Let o = -342 - u. Calculate the hig